16).
8
Let z(f) = f + 2. Let s be 8*((-5)/15)/(1/(-3)). Suppose h = -2*q + 8, 5*h = -0*q - 2*q - s. Calculate z(q).
8
Let c(d) be the second derivative of d**3/6 - 5*d**2/2 + 19*d - 20. Calculate c(3).
-2
Let u = -97 + 154. Let l = -54 + u. Let n(k) = 6*k - 7*k + 3 - l. Determine n(1).
-1
Let n(m) = 3*m**3 - 13*m**2 - 28*m + 8. Let o(k) = 7*k**3 - 29*k**2 - 73*k + 16. Let z(c) = 5*n(c) - 2*o(c). Let j be (6/(-8))/((-1)/8). Give z(j).
8
Let r(u) = -u**3 - 9*u**2 - 14*u - 6. Let h be 1/5 + (-1239)/(-105). Suppose -5*x + v = 30, -v + 2*v = -x - h. Let l be r(x). Let d(y) = -y - 4. Determine d(l).
2
Suppose -663 + 3309 = 294*j. Let p(x) = -x**2 + 7*x - 8. Give p(j).
-26
Let f(y) = y**3 + 6*y + 8*y**2 + 3 - 1 - 3. Let z be ((-2436)/1131)/(2/(-13)) - 20. Determine f(z).
35
Let j(y) = 28*y**2 - 3*y - 2. Suppose -191*a = -193*a - 4*q - 14, a + 4*q + 13 = 0. Give j(a).
29
Let n be (-45)/(-3)*(-14)/(-21). Suppose 4*o - 45 = -m, n*o = 5*o + m + 54. Suppose -9*r + o*r - 12 = 0. Let a(w) = -w**3 + 5*w**2 + 5*w + 1. Calculate a(r).
-5
Suppose -12*o - 3042 = -2910. Let f(x) = -6*x - 52. Calculate f(o).
14
Suppose -664 = -18*t + 398. Let u(v) = -2*v**3 + v**3 - t + 5*v + 61 + 0*v**3. Give u(-3).
14
Let y(g) = g**2 + 2*g - 1. Let n(l) = 2*l**2 - 28*l - 1. Let b(i) = -11*i - 29. Let t be b(-4). Let q be n(t). Suppose 28*w - 2 = q*w. Calculate y(w).
-1
Let x(v) = -3*v - 3. Suppose 6*l = -4*n + 2*l, -l + 10 = -4*n. Calculate x(n).
3
Let d(m) = 3*m - 2. Let i be d(2). Suppose 5*k - 22 = -a, i*a = 2*k - 0*a - 22. Suppose 5*q - k = 0, 4*z = -4*q - 28 + 4. Let h(g) = g + 3. Calculate h(z).
-4
Let h = -88 + 99. Let d(a) = h*a - 3 + 1 - 22*a + 12*a**2 - 4 - a**3. Give d(11).
-6
Let y = -63 + 67. Let l be (-3 - (-57)/(-21)) + y/(-14). Let q be (20/130 - 34/52)*l. Let z(b) = 4*b - 4. Determine z(q).
8
Let i = -2156 - -2166. Let k(b) = b**3 - 10*b**2 - b + 11. Give k(i).
1
Let i = -4 + 4. Suppose 12 = 4*b - i. Suppose -2*c + 5*c = b, 14 = -3*g + 5*c. Let t(r) = -r**2 - 4*r - 4. What is t(g)?
-1
Let m(v) = -v**3 + 68*v**2 + 131*v + 639. Let z be m(70). Let y(u) = -u**3 + 8*u**2 + 9*u + 21. Determine y(z).
21
Suppose -4*g - 1607 = -5*z, -1613 = 22*z - 27*z + g. Let n(f) = 4*f**2 + 50*f**3 + z*f - 327*f - 49*f**3. Calculate n(-4).
16
Let m = 201 + -205. Let k(o) = -6*o - 21. Determine k(m).
3
Let h(l) be the first derivative of 2 - 1/20*l**5 - 5*l - 1/12*l**4 + 11/2*l**2 - 1/6*l**3. Let n(t) be the first derivative of h(t). Calculate n(0).
11
Let l(x) = -4*x**3 - x**2 + 1. Suppose -3*k + 7*k - 180 = 0. Suppose -55 = -2*s - k. Let g = s - 6. Determine l(g).
4
Let r(w) = 862 - 1719 + 868 + 2*w. What is r(-13)?
-15
Let n(u) be the first derivative of -u**4/12 + 13*u**3/6 - 17*u**2/2 - 317*u - 237. Let k(y) be the first derivative of n(y). Give k(12).
-5
Let z = -19356 - -19341. Let s(o) = 4*o + 61. Give s(z).
1
Let q(y) = 2*y - 4. Suppose 3*i - 8*i + 410 = 0. Let o = -78 + i. Determine q(o).
4
Let c(p) = 1 - p**2 + 14*p**2 - p - 2*p**2. Let t be (39/(-6))/(-13)*(0 - 0). Suppose t*a + 2 = 2*a. Calculate c(a).
11
Suppose -32*y = -21*y - 495. Suppose 29*h = 34*h - y. Let m(n) = n - 12. Give m(h).
-3
Let s(w) = 5*w**3 + 3*w + 9. Let p(i) = -11*i**3 - i**2 - 5*i - 19. Let r(l) = 6*p(l) + 13*s(l). Let k = 322180 - 322186. Give r(k).
-51
Let j(h) be the third derivative of h**5/20 - h**4/4 - 5*h**3/6 - 24*h**2 - 10. What is j(4)?
19
Let u(m) = 22*m - 172. Let q be u(8). Let v(o) = 12*o**2 + q*o**2 - 5*o**2 - o**2 + 2*o. What is v(-1)?
8
Let v(i) = -19*i**2 - 1. Let f(o) = -231*o**2 + 24*o - 12. Let u(r) = f(r) - 12*v(r). What is u(8)?
0
Let g(r) = -9*r**2 - 2*r - 1. Let z = 268 + -265. Suppose -13*x = -10*x + z. What is g(x)?
-8
Let y(q) = 2*q**3 - 5*q**2 + 8*q + 3. Suppose -22 + 109 = 9894*b - 9865*b. Determine y(b).
36
Let z be 6 + 77/(-28) - (-1)/(-4). Let i(u) = 2*u - 28*u - 5*u**z + 2 + 26*u - u**2. Determine i(-2).
38
Let b(z) = -z**3 + 2*z**2 - 9*z + 39. Let o be b(3). Suppose 4*f - 2*f - 4 = o*j, 2*j + 8 = 4*f. Let u(s) = 2*s**3 - 3*s**2 + 3*s - 2. Determine u(f).
8
Let k(b) = -b**2 + 4. Let i = -2951 + 2946. Determine k(i).
-21
Let s = 18/559 - -523/1118. Let j(k) be the first derivative of -19 + s*k**2 - 7*k. What is j(4)?
-3
Let x(m) be the third derivative of -m**6/120 + m**5/6 - m**4/4 + 13*m**3/6 - 20*m**2 + 8*m. Calculate x(9).
40
Suppose 4*v + 21 = -3. Let w(o) be the second derivative of 89*o + 1/2*o**3 + 9/2*o**2 + 0. Give w(v).
-9
Let b be 26/6 + ((-16)/6)/(-4). Suppose -5*c - b = 15. Let z be 3 + -2 - (c - 2/(-2)). Let y(m) = -m**2 + 3*m + 3. Calculate y(z).
-1
Let j be 230/(-12)*4 - 1/3. Let k be 10/(-4) - (j/14)/(-11). Let b(f) = -f**2 - 5*f + 2. Calculate b(k).
8
Let b(v) = -52*v**2 - 93*v**3 + 94*v**3 + 6 + 45*v**2. Let w = 6 + -2. Suppose w*i - 19 - 4 = 5*t, -i + 2 = -5*t. Calculate b(i).
6
Let d(u) = -72*u + 549. Let c(o) = 14*o - 114. Let a(v) = 24*c(v) + 5*d(v). Calculate a(6).
-135
Let k(f) = -46. Let i(j) = j + 26. Let x(h) = -5*i(h) - 3*k(h). What is x(10)?
-42
Let r be 0/(15/(-35)*-7). Suppose 15*j + 15*j - 240 = r. Let q(s) = -9*s + 20. Let o(w) = 4*w - 10. Let f(a) = -5*o(a) - 2*q(a). Determine f(j).
-6
Let r(z) = 3*z - 21*z + 84877*z**2 - 84876*z**2 - 14 + z. Calculate r(16).
-30
Suppose 152 = -8*h + 72. Let l(k) be the third derivative of k**5/60 + 3*k**4/8 + 5*k**3/3 + 3*k**2. Calculate l(h).
20
Suppose -3*i - 3*b = -195, 2*b - 196 = -0*i - 3*i. Let j be 0 - ((-2)/3)/((-44)/i). Let y(s) = -5*s**3 + s. Determine y(j).
4
Let t(v) be the second derivative of -v**4/12 + 13*v**3/6 - 4*v**2 - 3*v - 19. Let d = -54 - -65. Give t(d).
14
Let z(n) = 841*n + 104. Let y(i) = -1541*i - 209. Let t(w) = -6*y(w) - 11*z(w). Determine t(17).
25
Let l = -7 + 13. Let q(t) = -t**3 + 6 - 45074*t**2 + 45080*t**2 + 0 + t. Determine q(l).
12
Let j(w) = -4*w - w**2 + 3*w**2 - w**2. Let g(d) be the first derivative of d**3/3 - 12*d**2 - 293*d + 75. Let b be g(33). Calculate j(b).
0
Let v(f) = -f**3 + 9*f**2 - 11*f + 27. Let y be v(8). Let h(c) = -4*c**2 + 10 - y + 6 + c**2 - 7*c + 2*c**2. What is h(-9)?
-5
Let c(o) be the second derivative of 0 + 1/6*o**3 - 5/6*o**4 - 1/20*o**5 - 15*o + 7*o**2. Let p be (-4 + 14)/(0 - 1). Determine c(p).
4
Let d = -2465 - -2455. Let x(i) = i**3 + 10*i**2 + i + 6. Determine x(d).
-4
Let z(t) be the second derivative of -t**4/12 + 13*t**3/6 - 18*t**2 + 10*t - 4. Let b be z(6). Let f(c) = 5*c. Calculate f(b).
30
Let g(p) = -8*p + 36. Let w(x) = 6*x + 40. Let i be w(-6). Determine g(i).
4
Let h(a) = -a**3 + a**2 - 6. Suppose -3*l - l + 18 = 5*q, 12 = 3*q + 3*l. Let g = 609 + -606. Suppose 12 = 3*w - g*m, 4*w - 12 = -q*m + 5*m. What is h(w)?
-6
Let a(p) = -8*p**3 + 82*p**2 - 13*p + 171. Let v(b) = -6*b**3 + 55*b**2 - 8*b + 114. Let g(y) = -5*a(y) + 7*v(y). Determine g(-13).
-5
Let j(u) = -16*u**2 - 18*u + 19. Let q(y) = 7*y**2 + 8*y - 8. Let s(x) = 3*j(x) + 7*q(x). Calculate s(-5).
16
Let j = 23 + -32. Let n(o) = o**2 - 7*o + 5. Suppose 5*f + 3 = -i, -f - 2*i = -0 - 3. Let y(d) = 2*d**2 + d + 1. Let t(u) = f*y(u) + n(u). What is t(j)?
-5
Let a(v) = -v + 2 + v**3 - 6*v**2 + 8*v**2 - v. Let c = 86 - 57. Suppose c*n - 34*n = 15. Calculate a(n).
-1
Let z(i) = i**2 + 30*i + 150. Let j be z(-24). Let q(u) be the third derivative of u**6/120 - u**5/10 + u**4/8 + u**3/3 - 4*u**2. Determine q(j).
20
Let l(g) be the second derivative of -9*g**3/2 - 57*g**2/2 + 678*g. Determine l(-2).
-3
Suppose 0 = -5*z + 21 - 51. Let c be z*-1*(-2)/4. Let q(v) be the third derivative of v**4/24 + v**3/2 + 11*v**2. Give q(c).
0
Let g(v) = -63 - 58 + 122 - 17*v**2 + 33*v**2. Suppose -1 = q - 2. Determine g(q).
17
Let u(i) be the third derivative of -i**5/60 - 7*i**4/24 - i**3 - 20*i**2. Suppose -6*k = d - 2*k, -4 = -4*k. Calculate u(d).
6
Let g(m) be the third derivative of 5 - 1/8*m**4 - 9*m**2 - 5/6*m**3 + 0*m. Give g(-7).
16
Let r be 1/(-2)*(5 + -3). Let q(k) = -7579*k + 15161*k - 7583*k. Determine q(r).
1
Let u(r) = -7*r**3 + 33*r - 33. Let p be ((-2)/(-17))/(98/833). What is u(p)?
-7
Let j(d) = -3*d + 17. Let w be j(-7). Suppose 3*t = -2*f + w, 52 = 13*f - 10*f + 2*t. Let k(m) = 3*m - f*m**2 + 18*m**2 - 5*m - 1 + 6*m**2. Determine k(-1).
9
Let y(a) be the first derivative of 2*a**2 - 92*a - 88. Let u be y(26). Let c(f) = f**3 - 11*f**2 - 13*f + 11. What is c(u)?
-